= -4*u + 2*g - 3*g + 17. What is the tens digit of q(u)?
3
Let m(h) = h**2 + 3*h + 5. Let b be m(-2). Let p be b*(-4)/(-6) - 16*1. Let d = 55 + p. What is the units digit of d?
1
Let t = 15618 - 7368. What is the tens digit of t?
5
Let k = 11 + 45. Suppose k - 4 = 2*y. Suppose -y*d + 266 = -24*d. What is the hundreds digit of d?
1
What is the units digit of (-6)/21*((-18)/(-7 + 13) + -16496)?
4
Let m = 11375 - 7877. Suppose 617*w = 623*w - m. What is the units digit of w?
3
Let g(p) = 36*p + 18. Let w be (19 + -21)/((-2)/9). What is the units digit of g(w)?
2
What is the thousands digit of (27 - 44) + (-115412)/(-4)?
8
What is the hundreds digit of (-74 - -14912)*(2 - (-3)/(-2))?
4
Let j(k) = k**3 - 9*k**2 + 12*k + 23. Let r be j(7). Suppose -3160 = -r*n - 766. What is the hundreds digit of n?
2
Suppose 38*q - 85571 = 171841. What is the units digit of q?
4
Suppose 0*q - 5*q + 6905 = 4*g, -25 = 5*g. What is the tens digit of q?
8
Let x be 121/(-1) + (1 - -4). Let d = 132 + x. Let j = d + 128. What is the hundreds digit of j?
1
Suppose -3*h - 21 = 0, 6*o + 2*o + 4*h - 12 = 0. Let f be (-4)/(-3)*6/2. Suppose f*l = -o*m + 2*m + 53, -5*m = -l - 4. What is the tens digit of l?
1
Let p = -5 - 11. Let i(o) be the third derivative of o**4/24 + 31*o**3/6 + 583*o**2. What is the units digit of i(p)?
5
Let b = -13410 - -50273. What is the thousands digit of b?
6
Let d = 23550 - 3945. What is the thousands digit of d?
9
Suppose -35*t = -24*t - 31779. Suppose -t = -2*u - 731. What is the hundreds digit of u?
0
Let z(p) = 20*p**3 - 11*p**2 + 39*p - 38. What is the hundreds digit of z(5)?
3
Let s = -1571 - -2877. Let p = s + -770. Suppose 3*c + 5*c - p = 0. What is the units digit of c?
7
Let k be (-4 + -3 - -2) + 3. Let j be k + (-48)/(-22) + (-1104)/264. Let u(d) = -d**3 + 7*d**2 + d - 15. What is the tens digit of u(j)?
5
Let g(d) = -d**2 + 2*d + 11. Let t be g(7). Let y = t + 27. Let r(c) = 21*c - 7. What is the units digit of r(y)?
6
Suppose -m - 5*i + 244 = -2427, 5*i = 0. What is the hundreds digit of m?
6
Let c = 7 - 11. Let m = c - -9. Suppose 122 = -m*b + 307. What is the units digit of b?
7
Let w = 402 + -577. Let d = -156 - w. What is the tens digit of d?
1
Suppose -2818 = 7*z + r - 37222, 2*z + 5*r - 9858 = 0. What is the hundreds digit of z?
9
Let q = -235 + 3. What is the units digit of (-9)/(-6)*-4 - q?
6
Let h = 15016 + -22624. What is the tens digit of (12/(-8))/(18/h)?
3
Suppose -19*g + 81830 = 19*g + 21030. What is the hundreds digit of g?
6
Let q(v) = 11*v**2 + v + 2. Suppose 0 = -3*y + 3*f - 15, -23 = 5*y - 4*f - 0*f. Let w be q(y). Suppose -2*m + w = -84. What is the tens digit of m?
9
Let g(i) = 625*i + 447. Let x(l) = -207*l - 149. Let o(d) = 2*g(d) + 7*x(d). What is the hundreds digit of o(-6)?
0
Suppose -72*y + 69*y - 5362 = -p, -10746 = -2*p - 5*y. What is the tens digit of p?
6
Let q = 49 - 48. Let h be (-1 + 15)/(2 + 0/q). Suppose 29 = h*z - 601. What is the units digit of z?
0
Let r = -7 + -2. Suppose 0 = 4*v + 5*i - 29, -5*v - i + 10 = -0*i. What is the units digit of -4*v*(-7)/((-84)/r)?
3
What is the hundreds digit of 1*-5*21/(-35)*475?
4
Let z(o) = -17*o + 7*o + 8*o - 322*o**3 - 2*o**2. What is the tens digit of z(-1)?
2
Let u be 2 + (2/1 - -3). Let p(q) = 19*q**2 - 8*q + 1. What is the hundreds digit of p(u)?
8
Suppose -4*n = 4*r + 10 - 2, -4*n = -5*r + 26. Suppose -r*f - i + 494 = i, 0 = -5*f - 4*i + 1233. What is the units digit of (f/20*2)/((-1)/(-2))?
9
Suppose 4*a + 69 = 253. Let g = -19 + a. What is the units digit of g?
7
Let r(z) = -z**2 - 14*z + 4. Let p be r(0). Suppose -p*f + 2*c + 1942 = 0, 0*f = 5*f - 2*c - 2426. What is the tens digit of f?
8
Suppose 10*h + 5*z - 309284 = 7*z, 4*z - 123680 = -4*h. What is the hundreds digit of h?
9
Let x = -260 + 231. Let h(b) = -16*b - 20. What is the tens digit of h(x)?
4
Suppose 23*j - 213206 = 1402544. What is the ten thousands digit of j?
7
Let j(n) = -371*n**3 + 5*n**2 - n - 6. What is the thousands digit of j(-3)?
0
Suppose 2*u = -2*n + 288 + 98, 740 = 4*n - 4*u. Let d be (-3 - -3) + (n - -2). Suppose 2*r = 3*c + d, -3*r - 2*c + 249 = c. What is the tens digit of r?
8
Let o be 4/(-10) - ((-54)/10 - 3). Suppose -o*k + 9*k - 353 = p, -3*k + p + 1051 = 0. What is the tens digit of k?
4
What is the thousands digit of -2 - (-89551)/56 - (-4)/(-32)?
1
Let x = 11381 - 4149. What is the tens digit of ((-6)/(-8))/(8/x)?
7
Let b(i) = 2*i**3 - 18*i**2 + i - 10. What is the hundreds digit of b(12)?
8
Let j = -3304 - -12076. What is the tens digit of j?
7
Let t be 4 + (3 + 2 - 8). What is the hundreds digit of 15 + -13 - t/((-2)/2750)?
3
Suppose -109*d + 512265 + 573092 = 292818. What is the hundreds digit of d?
2
Let o = 8604 + -2341. What is the units digit of o?
3
Let m = -166 + 169. What is the units digit of 13/39 + 1673/m?
8
Let v be (-1 + -5)*18/(-27). Suppose 3329 = 3*h + v*k, 1529 = h + 3*k + 411. What is the units digit of h?
3
Let c(j) = -34*j**3 - 10*j**2 + 27*j + 149. What is the hundreds digit of c(-6)?
9
Let z = 11649 + -8076. Suppose 6*b - 2715 - z = 0. What is the units digit of b?
8
Suppose 28685 = 3*o + 5*r, 0 = -o - 3*r + 2*r + 9563. What is the units digit of o?
5
What is the ten thousands digit of 1312276/(-16)*(-8)/28 - 7/(-14)?
2
Let v(z) = -z**3 + 4*z**2 + 5*z + 2. Let n be v(5). Suppose 4*c = n*c + 20. Suppose -2*o - c = -92. What is the units digit of o?
1
Let d = -22 + 24. Let n(p) = -14*p**2 + d*p**3 - 18*p + 13 - 3*p**3 + 12*p. What is the units digit of n(-14)?
7
Let w be (-7578)/(-18)*(-1 - (2 - 0)). Let q = 2027 + w. What is the tens digit of q?
6
Suppose 23*g - 5662 = 6091. Let o = -318 + g. What is the hundreds digit of o?
1
Suppose 4*z + 113 = 5*u, -u - 2*z + 5*z = -16. Suppose u*v - 26*v = -147. What is the hundreds digit of v?
1
Suppose 6*v - 8 = 28. Let d be ((-1 - 2)/9)/(2/(-162)). Suppose -v + d = w. What is the tens digit of w?
2
What is the tens digit of (288996/18)/((-44)/(-66))?
8
Let a = 4 + -3. Let z(h) = -124*h**2 - 1 + h + 240*h**2 + 19*h**3 - 115*h**2. What is the tens digit of z(a)?
2
Suppose 23*n - 744396 = -99*n + 4164030. What is the ten thousands digit of n?
4
Let r be (-3)/(-12) + (-95)/(-20). Suppose -r*x + 3 - 8 = 0. What is the units digit of (-2)/(-10) - (x + 788/(-10))?
0
What is the hundreds digit of 60385/((-65)/(-5)) + (-21)/(-3)?
6
Let r = -96 - -112. Suppose -l - 3*c - 12 = 0, 2*c + r = 6. What is the units digit of ((-8)/((-80)/(-405)))/(l/(-6))?
1
Suppose 3 = -4*v + 3*z, -8*v + 27 = -4*v + 3*z. Suppose v*x - 306 = 873. What is the hundreds digit of x?
3
Let c be (-168)/(-54) - ((-48)/54 - -1). Let a(w) = 32*w**3 - 2*w**2 + 7*w + 1. What is the tens digit of a(c)?
6
Suppose 482*i = 583*i - 627816. What is the thousands digit of i?
6
Let c = 71497 + -41401. What is the ten thousands digit of c?
3
Suppose 0 = 2*s - 7 + 3, 5*s - 15 = -y. Suppose 2030 = y*o - 4*g, 3*o - 1196 = -g - g. Suppose 9*a - o = 3*a. What is the tens digit of a?
6
Suppose 0 = w + 2*v - 1151, -4*v - 5703 = -5*w - v. Suppose 8*o - w = 569. What is the units digit of ((-18)/4 - -5)*o?
7
Let n(l) be the first derivative of 9/4*l**4 - 2*l**2 + 3*l - 18 + 4/3*l**3. What is the units digit of n(2)?
3
Suppose -6*s + 9*s + 4*v = 2179, -2*v = 10. What is the hundreds digit of s?
7
Let h(a) = -a**2 - 6*a + 140. Let o be h(9). What is the units digit of (-280)/(35/o)*-12?
0
What is the tens digit of (-256171)/(-8) + 2 + 655/1048?
2
Let z = 374 - 374. What is the units digit of 35/105*(2544 + z)?
8
Let c be 6 - -4*(-5)/10. Suppose 5*q - 4*v = 5100, 3*q = -c*v + 1775 + 1285. Suppose j - q = -9*j. What is the hundreds digit of j?
1
Let b be 3155/15 + 12/(-36). Suppose -20 = 4*z - 6*z + k, -z - 4*k = -1. Suppose -4*o - b = -z*o. What is the units digit of o?
2
Suppose 15*f = -59 + 89. Suppose -3*o + 7*r - 6*r + 56 = 0, -f*o - 2*r = -48. What is the tens digit of o?
2
Let d be (0 + -1)*(15 + 0/1). Let l be (-2)/d + (-7912)/(-60). Suppose -9*w = 3*w - l. What is the units digit of w?
1
Suppose 0 = -4*t - 2*s + 82, t = -s + 9 + 11. Suppose 17 - t = -j. What is the tens digit of (6/2)/((-3)/(-384)*j)?
9
Let v = -1037 - -1509. Suppose 28*c = 4056 - v. What is the units digit of c?
8
Let d = 28 - -107. What is the hundreds digit of 1 - (2/(-9) + (-30885)/d)?
2
Le